{"id":722,"date":"2014-12-19T22:32:58","date_gmt":"2014-12-19T21:32:58","guid":{"rendered":"http:\/\/os-dragatus.splet.arnes.si\/?page_id=722"},"modified":"2023-10-16T09:38:52","modified_gmt":"2023-10-16T07:38:52","slug":"solski-parlament","status":"publish","type":"page","link":"https:\/\/os-dragatus.splet.arnes.si\/?page_id=722","title":{"rendered":"\u0160olska skupnost in otro\u0161ki parlament"},"content":{"rendered":"<p><strong><span style=\"color: #008000\">\u0160olska skupnost<\/span><\/strong><\/p>\n<p align=\"justify\">\u0160olsko skupnost sestavljajo u\u010denci od 1. do 9. razreda, iz vsakega razreda po en predstavnik. V \u0161olskem letu 2023\/2024 na\u010drtujemo tri sre\u010danja med letom, na katerih bodo predstavniki spregovorili o aktualnih temah, predlogih u\u010dencev in njihovih problemih na \u0161oli. Mentorica \u0161olske skupnosti je Anita Vrtin.<\/p>\n<p><strong><span style=\"color: #008000\">Otro\u0161ki parlament<\/span><\/strong><\/p>\n<p align=\"justify\">Otro\u0161ki parlament je namenjen u\u010dencem od 5. do 9. razreda, ki se radi aktivno vklju\u010dujejo v pogovore o aktualnih temah. Na\u010drtujemo pet sre\u010danj, v knji\u017enici bo postavljena knji\u017ena polica, izdelovali bomo plakate na aktualno temo. Najbolj\u0161i predstavniki na \u0161olskem otro\u0161kem parlamentu se bodo uvrstili na ob\u010dinski otro\u0161ki parlament, ki bo potekal v sejni sobi Ob\u010dine \u010crnomelj. Mentorica otro\u0161kega parlamenta je Anita Vrtin.<\/p>\n<p><a href=\"http:\/\/www.zpms.si\/programi\/otroski-parlament\/\" target=\"_blank\" rel=\"noopener noreferrer\">Ve\u010d o otro\u0161kem parlamentu&#8230;<\/a><\/p>\n<p>Tema otro\u0161kega parlamenta za \u0161ol. letu 2023\/2024 je &#8220;<strong>Du\u0161evno zdravje otrok in mladih<\/strong>&#8220;.<\/p>\n","protected":false},"excerpt":{"rendered":"<p>\u0160olska skupnost \u0160olsko skupnost sestavljajo u\u010denci od 1. do 9. razreda, iz vsakega razreda po en predstavnik. V \u0161olskem letu 2023\/2024 na\u010drtujemo tri sre\u010danja med letom, na katerih bodo predstavniki spregovorili o aktualnih temah, predlogih u\u010dencev in njihovih problemih na \u0161oli. Mentorica \u0161olske skupnosti je Anita Vrtin. Otro\u0161ki parlament Otro\u0161ki parlament je namenjen u\u010dencem od [&hellip;]<\/p>\n","protected":false},"author":1706,"featured_media":0,"parent":0,"menu_order":46,"comment_status":"closed","ping_status":"closed","template":"","meta":{"_et_pb_use_builder":"","_et_pb_old_content":"","_et_gb_content_width":"","ngg_post_thumbnail":0,"footnotes":"","_expiration-date-status":"","_expiration-date":0,"_expiration-date-type":"","_expiration-date-categories":[],"_expiration-date-options":[]},"class_list":["post-722","page","type-page","status-publish","hentry"],"_links":{"self":[{"href":"https:\/\/os-dragatus.splet.arnes.si\/index.php?rest_route=\/wp\/v2\/pages\/722","targetHints":{"allow":["GET"]}}],"collection":[{"href":"https:\/\/os-dragatus.splet.arnes.si\/index.php?rest_route=\/wp\/v2\/pages"}],"about":[{"href":"https:\/\/os-dragatus.splet.arnes.si\/index.php?rest_route=\/wp\/v2\/types\/page"}],"author":[{"embeddable":true,"href":"https:\/\/os-dragatus.splet.arnes.si\/index.php?rest_route=\/wp\/v2\/users\/1706"}],"replies":[{"embeddable":true,"href":"https:\/\/os-dragatus.splet.arnes.si\/index.php?rest_route=%2Fwp%2Fv2%2Fcomments&post=722"}],"version-history":[{"count":16,"href":"https:\/\/os-dragatus.splet.arnes.si\/index.php?rest_route=\/wp\/v2\/pages\/722\/revisions"}],"predecessor-version":[{"id":32398,"href":"https:\/\/os-dragatus.splet.arnes.si\/index.php?rest_route=\/wp\/v2\/pages\/722\/revisions\/32398"}],"wp:attachment":[{"href":"https:\/\/os-dragatus.splet.arnes.si\/index.php?rest_route=%2Fwp%2Fv2%2Fmedia&parent=722"}],"curies":[{"name":"wp","href":"https:\/\/api.w.org\/{rel}","templated":true}]}}

Šolska skupnost in otroški parlament

<p><strong><span style="color: #008000">Šolska skupnost</span></strong></p>
<p align="justify">Šolsko skupnost sestavljajo učenci od 1. do 9. razreda, iz vsakega razreda po en predstavnik. V šolskem letu 2023/2024 načrtujemo tri srečanja med letom, na katerih bodo predstavniki spregovorili o aktualnih temah, predlogih učencev in njihovih problemih na šoli. Mentorica šolske skupnosti je Anita Vrtin.</p>
<p><strong><span style="color: #008000">Otroški parlament</span></strong></p>
<p align="justify">Otroški parlament je namenjen učencem od 5. do 9. razreda, ki se radi aktivno vključujejo v pogovore o aktualnih temah. Načrtujemo pet srečanj, v knjižnici bo postavljena knjižna polica, izdelovali bomo plakate na aktualno temo. Najboljši predstavniki na šolskem otroškem parlamentu se bodo uvrstili na občinski otroški parlament, ki bo potekal v sejni sobi Občine Črnomelj. Mentorica otroškega parlamenta je Anita Vrtin.</p>
<p><a href="http://www.zpms.si/programi/otroski-parlament/" target="_blank" rel="noopener noreferrer">Več o otroškem parlamentu&#8230;</a></p>
<p>Tema otroškega parlamenta za šol. letu 2023/2024 je &#8220;<strong>Duševno zdravje otrok in mladih</strong>&#8220;.</p>

<p>Šolska skupnost Šolsko skupnost sestavljajo učenci od 1. do 9. razreda, iz vsakega razreda po en predstavnik. V šolskem letu 2023/2024 načrtujemo tri srečanja med letom, na katerih bodo predstavniki spregovorili o aktualnih temah, predlogih učencev in njihovih problemih na šoli. Mentorica šolske skupnosti je Anita Vrtin. Otroški parlament Otroški parlament je namenjen učencem od [&hellip;]</p>
